{"id":323,"date":"2025-10-02T09:19:50","date_gmt":"2025-10-02T08:19:50","guid":{"rendered":"https:\/\/auso26.ch\/?page_id=323"},"modified":"2025-10-14T08:47:37","modified_gmt":"2025-10-14T07:47:37","slug":"lager","status":"publish","type":"page","link":"https:\/\/auso26.ch\/?page_id=323","title":{"rendered":"Lager"},"content":{"rendered":"<nav class=\"is-responsive wp-block-navigation is-layout-flex wp-block-navigation-is-layout-flex\" aria-label=\"Navigationsmen\u00fc\" \n\t\t data-wp-interactive=\"core\/navigation\" data-wp-context='{\"overlayOpenedBy\":{\"click\":false,\"hover\":false,\"focus\":false},\"type\":\"overlay\",\"roleAttribute\":\"\",\"ariaLabel\":\"Men\\u00fc\"}'><button aria-haspopup=\"dialog\" aria-label=\"Men\u00fc \u00f6ffnen\" class=\"wp-block-navigation__responsive-container-open\" \n\t\t\t\tdata-wp-on--click=\"actions.openMenuOnClick\"\n\t\t\t\tdata-wp-on--keydown=\"actions.handleMenuKeydown\"\n\t\t\t><svg width=\"24\" height=\"24\" xmlns=\"http:\/\/www.w3.org\/2000\/svg\" viewBox=\"0 0 24 24\" aria-hidden=\"true\" focusable=\"false\"><path d=\"M4 7.5h16v1.5H4z\"><\/path><path d=\"M4 15h16v1.5H4z\"><\/path><\/svg><\/button>\n\t\t\t\t<div class=\"wp-block-navigation__responsive-container\"  id=\"modal-1\" \n\t\t\t\tdata-wp-class--has-modal-open=\"state.isMenuOpen\"\n\t\t\t\tdata-wp-class--is-menu-open=\"state.isMenuOpen\"\n\t\t\t\tdata-wp-watch=\"callbacks.initMenu\"\n\t\t\t\tdata-wp-on--keydown=\"actions.handleMenuKeydown\"\n\t\t\t\tdata-wp-on--focusout=\"actions.handleMenuFocusout\"\n\t\t\t\ttabindex=\"-1\"\n\t\t\t>\n\t\t\t\t\t<div class=\"wp-block-navigation__responsive-close\" tabindex=\"-1\">\n\t\t\t\t\t\t<div class=\"wp-block-navigation__responsive-dialog\" \n\t\t\t\tdata-wp-bind--aria-modal=\"state.ariaModal\"\n\t\t\t\tdata-wp-bind--aria-label=\"state.ariaLabel\"\n\t\t\t\tdata-wp-bind--role=\"state.roleAttribute\"\n\t\t\t>\n\t\t\t\t\t\t\t<button aria-label=\"Men\u00fc schlie\u00dfen\" class=\"wp-block-navigation__responsive-container-close\" \n\t\t\t\tdata-wp-on--click=\"actions.closeMenuOnClick\"\n\t\t\t><svg xmlns=\"http:\/\/www.w3.org\/2000\/svg\" viewBox=\"0 0 24 24\" width=\"24\" height=\"24\" aria-hidden=\"true\" focusable=\"false\"><path d=\"m13.06 12 6.47-6.47-1.06-1.06L12 10.94 5.53 4.47 4.47 5.53 10.94 12l-6.47 6.47 1.06 1.06L12 13.06l6.47 6.47 1.06-1.06L13.06 12Z\"><\/path><\/svg><\/button>\n\t\t\t\t\t\t\t<div class=\"wp-block-navigation__responsive-container-content\" \n\t\t\t\tdata-wp-watch=\"callbacks.focusFirstElement\"\n\t\t\t id=\"modal-1-content\">\n\t\t\t\t\t\t\t\t\n<div class=\"wp-block-buttons is-layout-flex wp-block-buttons-is-layout-flex\">\n<div class=\"wp-block-button\"><a class=\"wp-block-button__link wp-element-button\" href=\"https:\/\/auso26.ch\/\">News<\/a><\/div>\n<\/div>\n\n<div class=\"wp-block-buttons is-layout-flex wp-block-buttons-is-layout-flex\">\n<div class=\"wp-block-button\"><a class=\"wp-block-button__link wp-element-button\" href=\"https:\/\/auso26.ch\/?page_id=323\">Lager<\/a><\/div>\n\n\n\n<div class=\"wp-block-button\"><a class=\"wp-block-button__link wp-element-button\" href=\"https:\/\/auso26.ch\/?page_id=169\">Organisation<\/a><\/div>\n<\/div>\n\n<div class=\"wp-block-buttons is-layout-flex wp-block-buttons-is-layout-flex\">\n<div class=\"wp-block-button is-style-fill\"><a class=\"wp-block-button__link wp-element-button\" href=\"https:\/\/auso26.ch\/?page_id=17\">Kontakt<\/a><\/div>\n<\/div>\n\n\t\t\t\t\t\t\t<\/div>\n\t\t\t\t\t\t<\/div>\n\t\t\t\t\t<\/div>\n\t\t\t\t<\/div><\/nav>\n\n\n<div style=\"height:160px\" aria-hidden=\"true\" class=\"wp-block-spacer\"><\/div>\n\n\n\n<div class=\"wp-block-group alignfull is-layout-flow wp-block-group-is-layout-flow\">\n<h2 class=\"wp-block-heading has-text-align-center is-style-text-subtitle has-xx-large-font-size is-style-text-subtitle--2\" style=\"margin-right:0;margin-left:0;padding-right:0;padding-left:0\">Alle Infos zum Lager<\/h2>\n\n\n\n<div style=\"height:215px\" aria-hidden=\"true\" class=\"wp-block-spacer\"><\/div>\n\n\n\n<figure class=\"wp-block-image aligncenter size-full is-resized has-custom-border\" style=\"margin-top:0;margin-bottom:0\"><a href=\"https:\/\/auso26.ch\/?attachment_id=293\"><img loading=\"lazy\" decoding=\"async\" width=\"82\" height=\"202\" src=\"https:\/\/auso26.ch\/wp-content\/uploads\/2025\/10\/Element-2@300x.png\" alt=\"\" class=\"wp-image-293\" style=\"border-style:none;border-width:0px;border-radius:0px;width:20px\"\/><\/a><\/figure>\n<\/div>\n\n\n\n<div style=\"height:40px\" aria-hidden=\"true\" class=\"wp-block-spacer\"><\/div>\n\n\n\n<aside class=\"wp-block-group alignfull is-style-section-3 has-accent-5-background-color has-background has-global-padding is-layout-constrained wp-container-core-group-is-layout-f0f2a97b wp-block-group-is-layout-constrained is-style-section-3--3\" style=\"margin-top:0;margin-bottom:0;padding-top:var(--wp--preset--spacing--50);padding-right:var(--wp--preset--spacing--50);padding-bottom:var(--wp--preset--spacing--50);padding-left:var(--wp--preset--spacing--50)\">\n<div class=\"wp-block-group is-vertical is-content-justification-center is-layout-flex wp-container-core-group-is-layout-8778ca4a wp-block-group-is-layout-flex\" style=\"min-height:360px;margin-top:0;margin-bottom:0\">\n<p class=\"is-style-text-subtitle is-style-text-subtitle--4\">Unterlager<\/p>\n\n\n\n<p class=\"has-text-align-left is-style-default has-large-font-size\">Im AuSo26 werden alle Pfadiabteilungen unseres Bezirkes dabei sein. Das gesamte Lager wird sich in verschiedene Unterlager aufteilen. Du wirst mit deiner regul\u00e4ren Pfadigruppe (Abteilung oder Stamm) einem dieser Unterlager angeh\u00f6ren und das Programm w\u00e4hrend den drei Wochen haupts\u00e4chlich in diesem Unterlager erleben.<\/p>\n\n\n\n<p class=\"has-text-align-left is-style-default has-large-font-size\">Deine Pfadi-Gsp\u00e4nli sind mit dir im selben Unterlager und wirst auch von deinen Pfadileitenden betreut. Es wird gen\u00fcgend M\u00f6glichkeiten geben, dich mit anderen Pfadis aus unserem Bezirk w\u00e4hrend dem Lager auszutauschen<\/p>\n\n\n\n<p class=\"has-text-align-left is-style-text-annotation has-large-font-size is-style-text-annotation--5\"> 1  Schwand <br>     &amp; Chramburg <br> 2 Farnburg <br>     &amp; Felsburg<br> 3 Utteloo<br> 4 Kuonolf <br>     &amp; Worb<br> 5 Hochwacht Langnau <br>     &amp; G\u00fcrbetrupp Pfadi Patria<br> 6 Pios<br> 7  Rover<br>     &amp; OK<\/p>\n<\/div>\n<\/aside>\n\n\n\n<div style=\"height:100px\" aria-hidden=\"true\" class=\"wp-block-spacer\"><\/div>\n\n\n\n<aside class=\"wp-block-group alignfull is-style-section-3 has-accent-5-background-color has-background has-global-padding is-layout-constrained wp-container-core-group-is-layout-f0f2a97b wp-block-group-is-layout-constrained is-style-section-3--6\" style=\"margin-top:0;margin-bottom:0;padding-top:var(--wp--preset--spacing--50);padding-right:var(--wp--preset--spacing--50);padding-bottom:var(--wp--preset--spacing--50);padding-left:var(--wp--preset--spacing--50)\">\n<div class=\"wp-block-group is-vertical is-content-justification-center is-layout-flex wp-container-core-group-is-layout-8778ca4a wp-block-group-is-layout-flex\" style=\"min-height:360px;margin-top:0;margin-bottom:0\">\n<p class=\"is-style-text-subtitle is-style-text-subtitle--7\">Daten &amp; Reise<\/p>\n\n\n\n<p class=\"has-text-align-left is-style-default has-large-font-size\">Gemeinsam starten wir die Reise am So, 5. Juli 2026 abends mit dem Car voraussichtlich ab M\u00fcnsingen. Nach knapp 3 Wochen treten wir am Fr, 24. Juli 2026 die R\u00fcckreise in H\u00e9nanbihen an und sollten planm\u00e4ssig am Sa, 25. Juli 2026 vormittags wieder zur\u00fcck sein. Die Car-Reisen erfolgt \u00fcber Nacht.<\/p>\n<\/div>\n<\/aside>\n\n\n\n<div style=\"height:100px\" aria-hidden=\"true\" class=\"wp-block-spacer\"><\/div>\n\n\n\n<aside class=\"wp-block-group alignfull is-style-section-3 has-accent-5-background-color has-background has-global-padding is-layout-constrained wp-container-core-group-is-layout-f0f2a97b wp-block-group-is-layout-constrained is-style-section-3--8\" style=\"margin-top:0;margin-bottom:0;padding-top:var(--wp--preset--spacing--50);padding-right:var(--wp--preset--spacing--50);padding-bottom:var(--wp--preset--spacing--50);padding-left:var(--wp--preset--spacing--50)\">\n<div class=\"wp-block-group is-vertical is-content-justification-center is-layout-flex wp-container-core-group-is-layout-8778ca4a wp-block-group-is-layout-flex\" style=\"min-height:360px;margin-top:0;margin-bottom:0\">\n<p class=\"is-style-text-subtitle is-style-text-subtitle--9\">Besuchstage<\/p>\n\n\n\n<p class=\"has-text-align-left is-style-default has-large-font-size\">Falls dich deine Familie im AuSo26 besuchen m\u00f6chte, gibt es zwei M\u00f6glichkeiten:<br>Sonntag, 12.07.2026<br>Samstag, 18.07.2026<br>Genauere Infos zu den Besuchstagen folgen in einem sp\u00e4teren Infoschreiben.<br>Verbindet den Besuch im Lager gerne mit einer Sommerferien-Reise in der Region. Die Bretagne hat f\u00fcr alle was tolles zu bieten!<br><br><\/p>\n<\/div>\n<\/aside>\n\n\n\n<div style=\"height:100px\" aria-hidden=\"true\" class=\"wp-block-spacer\"><\/div>\n\n\n\n<div class=\"wp-block-group alignfull is-style-section-1 has-accent-5-background-color has-background has-global-padding is-layout-constrained wp-block-group-is-layout-constrained is-style-section-1--10\" style=\"margin-top:0;margin-bottom:0;padding-top:var(--wp--preset--spacing--80);padding-bottom:var(--wp--preset--spacing--80)\">\n<div class=\"wp-block-columns alignwide is-layout-flex wp-container-core-columns-is-layout-66fad18a wp-block-columns-is-layout-flex\">\n<div class=\"wp-block-column is-layout-flow wp-block-column-is-layout-flow\" style=\"padding-right:var(--wp--preset--spacing--50);flex-basis:45%\">\n<figure class=\"wp-block-image size-full has-custom-border\"><img loading=\"lazy\" decoding=\"async\" width=\"956\" height=\"538\" src=\"https:\/\/auso26.ch\/wp-content\/uploads\/2025\/10\/WhatsApp-Image-2025-10-02-at-08.27.40.jpeg\" alt=\"\" class=\"wp-image-354\" style=\"border-style:none;border-width:0px\" srcset=\"https:\/\/auso26.ch\/wp-content\/uploads\/2025\/10\/WhatsApp-Image-2025-10-02-at-08.27.40.jpeg 956w, https:\/\/auso26.ch\/wp-content\/uploads\/2025\/10\/WhatsApp-Image-2025-10-02-at-08.27.40-300x169.jpeg 300w, https:\/\/auso26.ch\/wp-content\/uploads\/2025\/10\/WhatsApp-Image-2025-10-02-at-08.27.40-768x432.jpeg 768w\" sizes=\"auto, (max-width: 956px) 100vw, 956px\" \/><\/figure>\n<\/div>\n\n\n\n<div class=\"wp-block-column is-vertically-aligned-center is-layout-flow wp-block-column-is-layout-flow\" style=\"padding-right:0;padding-left:0;flex-basis:50%\">\n<p class=\"is-style-text-subtitle is-style-text-subtitle--11\">Lagerplatz<\/p>\n\n\n\n<figure class=\"wp-block-image alignleft size-full is-resized has-custom-border\"><img loading=\"lazy\" decoding=\"async\" width=\"348\" height=\"383\" src=\"https:\/\/auso26.ch\/wp-content\/uploads\/2025\/10\/logo.png\" alt=\"\" class=\"wp-image-361\" style=\"border-style:none;border-width:0px;width:108px;height:auto\" srcset=\"https:\/\/auso26.ch\/wp-content\/uploads\/2025\/10\/logo.png 348w, https:\/\/auso26.ch\/wp-content\/uploads\/2025\/10\/logo-273x300.png 273w\" sizes=\"auto, (max-width: 348px) 100vw, 348px\" \/><\/figure>\n\n\n\n<p class=\"is-style-default has-large-font-size\">Wir werden unser Lager im \u201eStade de la Ville Helleuc\u201c aufschlagen. Es handelt sich um die Sportanlage der Gemeinde H\u00e9nanbihen, die uns bereits eine Basis an Infrastruktur bietet. Es wird separate Pl\u00e4tze f\u00fcr die Unterlager geben, sowie gen\u00fcgend Fl\u00e4chen f\u00fcr verschiedene Spiel-, Sport- und Spassaktivit\u00e4ten. Der Lagerplatz liegt rund 30min. mit dem Fahrrad vom Meer entfernt, gut gesch\u00fctzt von der windigen K\u00fcste.<\/p>\n\n\n\n<div class=\"wp-block-group is-style-default is-vertical is-layout-flex wp-container-core-group-is-layout-669f9327 wp-block-group-is-layout-flex\" style=\"border-style:none;border-width:0px;min-height:0px;padding-top:0;padding-bottom:0\">\n<h3 class=\"wp-block-heading has-text-align-center is-style-text-annotation has-medium-font-size is-style-text-annotation--12\"><a href=\"https:\/\/maps.app.goo.gl\/5R5vohrYkecsjeHN8\" data-type=\"link\" data-id=\"https:\/\/maps.app.goo.gl\/5R5vohrYkecsjeHN8\" target=\"_blank\" rel=\"noreferrer noopener\">Google<\/a><a href=\"https:\/\/maps.app.goo.gl\/5R5vohrYkecsjeHN8\" data-type=\"link\" data-id=\"https:\/\/maps.app.goo.gl\/5R5vohrYkecsjeHN8\"> Maps<\/a><\/h3>\n<\/div>\n<\/div>\n<\/div>\n<\/div>\n\n\n\n<div style=\"height:100px\" aria-hidden=\"true\" class=\"wp-block-spacer\"><\/div>\n\n\n\n<aside class=\"wp-block-group alignfull is-style-section-3 has-accent-5-background-color has-background has-global-padding is-layout-constrained wp-container-core-group-is-layout-f0f2a97b wp-block-group-is-layout-constrained is-style-section-3--13\" style=\"margin-top:0;margin-bottom:0;padding-top:var(--wp--preset--spacing--50);padding-right:var(--wp--preset--spacing--50);padding-bottom:var(--wp--preset--spacing--50);padding-left:var(--wp--preset--spacing--50)\">\n<div class=\"wp-block-group is-vertical is-content-justification-left is-layout-flex wp-container-core-group-is-layout-ed22c66a wp-block-group-is-layout-flex\" style=\"min-height:360px;margin-top:0;margin-bottom:0\">\n<p class=\"is-style-text-subtitle is-style-text-subtitle--14\">Kosten<\/p>\n\n\n\n<p class=\"has-text-align-left is-style-default has-large-font-size\">Der definitive Lagerbeitrag ist aktuell noch nicht vollumf\u00e4nglich gekl\u00e4rt und h\u00e4ngt stark von den Anzahl Anmeldungen ab. Zudem wurden k\u00fcrzlich neue Finanzierungsbeitr\u00e4ge durch J+S (Jugend &amp; Sport) ab 2026 angek\u00fcndigt, deren Auswirkungen auf das Gesamtlagerbudget noch nicht vollumf\u00e4nglich gekl\u00e4rt ist.<br>Die Kosten f\u00fcr die 3 Wochen SOLA werden sich maximal auf 500.- CHF pro Teilnehmer*in belaufen.<br><\/p>\n\n\n\n<p class=\"has-text-align-left is-style-default has-large-font-size\">Der genaue Lagerbeitrag wird voraussichtlich im Januar 2026 kommuniziert.<br>F\u00fcr Familien mit mehreren Kinder \/ Jugendlichen Teilnehmenden ist ein Geschwisterrabatt vorgesehen. Auch hier h\u00e4ngt die H\u00f6he des Rabatt von den Anmeldezahlen ab.<br><br>Sollten die finanziellen Aufw\u00e4nde eine Herausforderung darstellen, bitten wir herzlich um eine Kontaktaufnahme mit uns:<br><br>Ressort Finanzen: <a href=\"mailto:fina@auso26.ch\">fina@auso26.ch<\/a><br>Kommunikation: <a href=\"mailto:info@auso26.ch\">info@auso26.ch<\/a> <br>oder bei deinen AL\/Leitpersonen des Vertrauens<\/p>\n\n\n\n<p><\/p>\n\n\n\n<p class=\"has-text-align-left is-style-default has-large-font-size\">Der Lagerbeitrag soll kein Grund sein, das jemand nicht im AuSo26 dabei ist!<\/p>\n<\/div>\n<\/aside>\n\n\n\n<div style=\"height:100px\" aria-hidden=\"true\" class=\"wp-block-spacer\"><\/div>\n\n\n\n<aside class=\"wp-block-group alignfull is-style-section-3 has-accent-5-background-color has-background has-global-padding is-layout-constrained wp-container-core-group-is-layout-f0f2a97b wp-block-group-is-layout-constrained is-style-section-3--15\" style=\"margin-top:0;margin-bottom:0;padding-top:var(--wp--preset--spacing--50);padding-right:var(--wp--preset--spacing--50);padding-bottom:var(--wp--preset--spacing--50);padding-left:var(--wp--preset--spacing--50)\">\n<div class=\"wp-block-group is-vertical is-content-justification-left is-layout-flex wp-container-core-group-is-layout-ed22c66a wp-block-group-is-layout-flex\" style=\"min-height:360px;margin-top:0;margin-bottom:0\">\n<p class=\"is-style-text-subtitle is-style-text-subtitle--16\">Sicherheit<\/p>\n\n\n\n<p class=\"has-text-align-left is-style-default has-large-font-size\">Das Ressort Sicherheit k\u00fcmmert sich vor und w\u00e4hrend dem Lager um das Wohlergehen aller teilnehmenden Personen. Im Vorfeld wird ein umfassendes Sicherheitskonzept erarbeitet. S\u00e4mtliche Krankheitseinrichtungen vor Ort wurden im Sommer 2025 rekognosziert. Das OK, wie auch alle Unterlager, werden durch J+S-Coaches begleitet.<\/p>\n\n\n\n<p>Schau unbedingt noch in die Allgemeine Lagerbestimmungen: <\/p>\n\n\n\n<p class=\"has-text-align-left is-style-text-annotation has-large-font-size is-style-text-annotation--17\"><a href=\"https:\/\/auso26.ch\/wp-content\/uploads\/2025\/10\/20250912_AuSo26_ALB.pdf\" data-type=\"link\" data-id=\"https:\/\/auso26.ch\/wp-content\/uploads\/2025\/10\/20250912_AuSo26_ALB.pdf\" target=\"_blank\" rel=\"noreferrer noopener\">PDF<\/a><\/p>\n<\/div>\n<\/aside>\n\n\n\n<div style=\"height:208px\" aria-hidden=\"true\" class=\"wp-block-spacer\"><\/div>\n\n\n\n<div class=\"wp-block-group alignfull has-accent-5-background-color has-background has-global-padding is-content-justification-center is-layout-constrained wp-block-group-is-layout-constrained\">\n<div style=\"height:11px\" aria-hidden=\"true\" class=\"wp-block-spacer\"><\/div>\n\n\n\n<div class=\"wp-block-group has-global-padding is-content-justification-left is-layout-constrained wp-container-core-group-is-layout-12dd3699 wp-block-group-is-layout-constrained\">\n<div class=\"wp-block-group is-nowrap is-layout-flex wp-container-core-group-is-layout-6c531013 wp-block-group-is-layout-flex\">\n<figure class=\"wp-block-image size-full is-resized\"><img loading=\"lazy\" decoding=\"async\" width=\"568\" height=\"132\" src=\"https:\/\/auso26.ch\/wp-content\/uploads\/2025\/03\/Bez_Logo.png\" alt=\"\" class=\"wp-image-126\" style=\"width:225px;height:auto\" srcset=\"https:\/\/auso26.ch\/wp-content\/uploads\/2025\/03\/Bez_Logo.png 568w, https:\/\/auso26.ch\/wp-content\/uploads\/2025\/03\/Bez_Logo-300x70.png 300w\" sizes=\"auto, (max-width: 568px) 100vw, 568px\" \/><\/figure>\n\n\n\n<figure class=\"wp-block-image size-full is-resized\"><img loading=\"lazy\" decoding=\"async\" width=\"2560\" height=\"1810\" src=\"https:\/\/auso26.ch\/wp-content\/uploads\/2025\/10\/bla@300x-edited-scaled.png\" alt=\"\" class=\"wp-image-336\" style=\"width:98px;height:auto\" srcset=\"https:\/\/auso26.ch\/wp-content\/uploads\/2025\/10\/bla@300x-edited-scaled.png 2560w, https:\/\/auso26.ch\/wp-content\/uploads\/2025\/10\/bla@300x-edited-300x212.png 300w, https:\/\/auso26.ch\/wp-content\/uploads\/2025\/10\/bla@300x-edited-1024x724.png 1024w, https:\/\/auso26.ch\/wp-content\/uploads\/2025\/10\/bla@300x-edited-768x543.png 768w, https:\/\/auso26.ch\/wp-content\/uploads\/2025\/10\/bla@300x-edited-1536x1086.png 1536w, https:\/\/auso26.ch\/wp-content\/uploads\/2025\/10\/bla@300x-edited-2048x1448.png 2048w\" sizes=\"auto, (max-width: 2560px) 100vw, 2560px\" \/><\/figure>\n\n\n\n<figure class=\"wp-block-image size-full is-resized\"><img loading=\"lazy\" decoding=\"async\" width=\"804\" height=\"367\" src=\"https:\/\/auso26.ch\/wp-content\/uploads\/2025\/10\/konolf.png\" alt=\"\" class=\"wp-image-334\" style=\"width:103px;height:auto\" srcset=\"https:\/\/auso26.ch\/wp-content\/uploads\/2025\/10\/konolf.png 804w, https:\/\/auso26.ch\/wp-content\/uploads\/2025\/10\/konolf-300x137.png 300w, https:\/\/auso26.ch\/wp-content\/uploads\/2025\/10\/konolf-768x351.png 768w\" sizes=\"auto, (max-width: 804px) 100vw, 804px\" \/><\/figure>\n\n\n\n<figure class=\"wp-block-image size-large is-resized\"><img loading=\"lazy\" decoding=\"async\" width=\"1024\" height=\"725\" src=\"https:\/\/auso26.ch\/wp-content\/uploads\/2025\/10\/worb-1024x725.png\" alt=\"\" class=\"wp-image-335\" style=\"width:86px;height:auto\" srcset=\"https:\/\/auso26.ch\/wp-content\/uploads\/2025\/10\/worb-1024x725.png 1024w, https:\/\/auso26.ch\/wp-content\/uploads\/2025\/10\/worb-300x212.png 300w, https:\/\/auso26.ch\/wp-content\/uploads\/2025\/10\/worb-768x544.png 768w, https:\/\/auso26.ch\/wp-content\/uploads\/2025\/10\/worb-1536x1087.png 1536w, https:\/\/auso26.ch\/wp-content\/uploads\/2025\/10\/worb-2048x1449.png 2048w\" sizes=\"auto, (max-width: 1024px) 100vw, 1024px\" \/><\/figure>\n\n\n\n<figure class=\"wp-block-image size-large is-resized\"><img loading=\"lazy\" decoding=\"async\" width=\"1024\" height=\"318\" src=\"https:\/\/auso26.ch\/wp-content\/uploads\/2025\/10\/howacht-1024x318.png\" alt=\"\" class=\"wp-image-333\" style=\"width:162px;height:auto\" srcset=\"https:\/\/auso26.ch\/wp-content\/uploads\/2025\/10\/howacht-1024x318.png 1024w, https:\/\/auso26.ch\/wp-content\/uploads\/2025\/10\/howacht-300x93.png 300w, https:\/\/auso26.ch\/wp-content\/uploads\/2025\/10\/howacht-768x238.png 768w, https:\/\/auso26.ch\/wp-content\/uploads\/2025\/10\/howacht-1536x476.png 1536w, https:\/\/auso26.ch\/wp-content\/uploads\/2025\/10\/howacht-2048x635.png 2048w\" sizes=\"auto, (max-width: 1024px) 100vw, 1024px\" \/><\/figure>\n<\/div>\n<\/div>\n\n\n\n<div style=\"height:0px\" aria-hidden=\"true\" class=\"wp-block-spacer\"><\/div>\n\n\n\n<p class=\"has-text-align-center\">Instagram:<\/p>\n\n\n\n<div class=\"wp-block-group has-global-padding is-content-justification-center is-layout-constrained wp-block-group-is-layout-constrained\">\n<h2 class=\"wp-block-heading has-text-align-left is-style-text-annotation has-large-font-size is-style-text-annotation--18\"><a href=\"https:\/\/www.instagram.com\/auso_2026\/\" data-type=\"link\" data-id=\"https:\/\/www.instagram.com\/auso_2026\/\">@auso_26<\/a><\/h2>\n<\/div>\n\n\n\n<div style=\"height:8px\" aria-hidden=\"true\" class=\"wp-block-spacer\"><\/div>\n\n\n\n<p class=\"has-text-align-center\">Infos f\u00fcr Leitpersonen: <\/p>\n\n\n\n<div class=\"wp-block-group has-global-padding is-content-justification-center is-layout-constrained wp-block-group-is-layout-constrained\">\n<h2 class=\"wp-block-heading has-text-align-left is-style-text-annotation has-large-font-size is-style-text-annotation--19\"><a href=\"https:\/\/leitende.auso26.ch\" data-type=\"link\" data-id=\"https:\/\/leitende.auso26.ch\">Wiki<\/a><\/h2>\n<\/div>\n\n\n\n<div style=\"height:8px\" aria-hidden=\"true\" class=\"wp-block-spacer\"><\/div>\n<\/div>\n\n\n\n<p class=\"has-text-align-center\">Copyright \u00a9 2025&nbsp;<a href=\"https:\/\/www.auso26.ch\/\" data-type=\"link\" data-id=\"https:\/\/www.auso26.ch\/\">AuSo26<\/a>. All Rights Reserved.<\/p>\n","protected":false},"excerpt":{"rendered":"<p>Alle Infos zum Lager Unterlager Im AuSo26 werden alle Pfadiabteilungen unseres Bezirkes dabei sein. Das gesamte Lager wird sich in verschiedene Unterlager aufteilen. Du wirst mit deiner regul\u00e4ren Pfadigruppe (Abteilung oder Stamm) einem dieser Unterlager angeh\u00f6ren und das Programm w\u00e4hrend den drei Wochen haupts\u00e4chlich in diesem Unterlager erleben. Deine Pfadi-Gsp\u00e4nli sind mit dir im selben [&hellip;]<\/p>\n","protected":false},"author":5,"featured_media":0,"parent":0,"menu_order":0,"comment_status":"closed","ping_status":"closed","template":"","meta":{"footnotes":""},"class_list":["post-323","page","type-page","status-publish","hentry"],"_links":{"self":[{"href":"https:\/\/auso26.ch\/index.php?rest_route=\/wp\/v2\/pages\/323","targetHints":{"allow":["GET"]}}],"collection":[{"href":"https:\/\/auso26.ch\/index.php?rest_route=\/wp\/v2\/pages"}],"about":[{"href":"https:\/\/auso26.ch\/index.php?rest_route=\/wp\/v2\/types\/page"}],"author":[{"embeddable":true,"href":"https:\/\/auso26.ch\/index.php?rest_route=\/wp\/v2\/users\/5"}],"replies":[{"embeddable":true,"href":"https:\/\/auso26.ch\/index.php?rest_route=%2Fwp%2Fv2%2Fcomments&post=323"}],"version-history":[{"count":13,"href":"https:\/\/auso26.ch\/index.php?rest_route=\/wp\/v2\/pages\/323\/revisions"}],"predecessor-version":[{"id":410,"href":"https:\/\/auso26.ch\/index.php?rest_route=\/wp\/v2\/pages\/323\/revisions\/410"}],"wp:attachment":[{"href":"https:\/\/auso26.ch\/index.php?rest_route=%2Fwp%2Fv2%2Fmedia&parent=323"}],"curies":[{"name":"wp","href":"https:\/\/api.w.org\/{rel}","templated":true}]}}